m = -5*m - u + 22. Let r be 2/8 + (-968)/32. Let o = r - -69. What is the highest common factor of m and o?
13
Let c = 4 + -4. Suppose c*o + o - 2 = 0. Let a = 436 + -434. What is the greatest common factor of o and a?
2
Suppose 98 = -425*s + 439*s. Calculate the greatest common divisor of s and 427.
7
Suppose 17*o - 270 - 2 = 0. What is the greatest common divisor of 976 and o?
16
Let y = -1997 - -2044. What is the highest common factor of y and 1269?
47
Suppose 3*r + 3*b + 0*b + 87 = 0, r - 4*b + 9 = 0. Let p = r + 44. Let f(w) = 19*w. Let q be f(4). Calculate the highest common divisor of p and q.
19
Suppose -w + 172 = 493. Let r be (-4)/6 + w/(-9). Suppose -5*g + 435 = r. What is the greatest common divisor of 10 and g?
10
Let w(k) = 8*k + 1. Let d be w(1). Suppose -5*g + 3*o + 26 = -7, g - d = 3*o. Suppose 0 = g*a - 2*a - 48. What is the greatest common divisor of a and 12?
12
Suppose 0 = -4*j - 4, 2*c - 2*j - 78 = 234. What is the greatest common divisor of c and 62?
31
Suppose 8*c = 124 - 1276. Let l be c/(-30) - (-2)/10. Calculate the highest common divisor of l and 2.
1
Suppose 0 = -2*q - 3*z + 13, 5*q - 3 = -z + 10. Suppose 0 = -i + q*i - 88. What is the highest common divisor of i and 22?
22
Let p(m) = 12*m - 3*m - 8*m**2 + 5 + 8 - m**3 - 2. Let v = -23 + 14. Let l be p(v). What is the highest common factor of 99 and l?
11
Let d = -179 - -215. Calculate the highest common divisor of 4 and d.
4
Let y(r) = -r + 12. Let q(x) = 2*x - 3. Let g be q(-1). Let b be y(g). Calculate the greatest common divisor of b and 34.
17
Let t = -226 + 310. What is the greatest common factor of t and 196?
28
Let w be -59*(-2)/5 - (-50)/125. Calculate the highest common divisor of w and 56.
8
Let u(b) = 9*b**3 + b - 2. Let i be u(1). Suppose d + i*d - 207 = 0. Calculate the highest common factor of d and 253.
23
Let z = 55 - 37. Suppose s - w = -0*w + 15, s - z = -2*w. Let d = 107 + -99. Calculate the greatest common factor of d and s.
8
Let q = -55 + 150. Suppose -b + 37 = -a + 15, 3*a - q = -4*b. Suppose -5*n + 88 = b. Calculate the highest common factor of 91 and n.
13
Let g(c) = c - 4. Let o be g(8). Suppose 0*i + o = -2*i. Let f(d) = -29*d - 2. Let p be f(i). What is the highest common factor of p and 8?
8
Let h(x) = 8*x + 2. Let y be h(2). Let d be (-2)/9 + 2830/y. Suppose -4*k - 37 = -d. Calculate the highest common divisor of 10 and k.
10
Suppose -25 = 3*f + 2*g + 7, -g = -3*f - 29. Let b be (28/10)/(f/(-100)). What is the highest common divisor of 168 and b?
28
Let q(h) = -h + 23. Let c be q(17). Suppose -c = -4*n + 654. Calculate the greatest common divisor of n and 15.
15
Let i(j) = 3*j**2 + 7*j - 3. Let s be i(-6). Suppose 0 = 38*a - 11*a - 378. What is the greatest common factor of s and a?
7
Suppose 5*g + 4*r = 27 - 1, -2*r + 22 = 4*g. Let w be (2 - 1) + 6 - -5. Calculate the highest common factor of g and w.
6
Suppose -537 = 27*v - 4317. What is the greatest common factor of v and 35?
35
Let a = -1675 + 1818. What is the highest common divisor of a and 26?
13
Let q(t) be the third derivative of t**6/120 - 11*t**5/60 + t**4/12 + t**3/2 + 30*t**2. Let x be q(11). What is the greatest common factor of 75 and x?
25
Let o(p) = 10*p - 131. Let d be o(18). What is the highest common divisor of d and 14?
7
Let p be -135 - -513 - 1*-9. Calculate the greatest common factor of 215 and p.
43
Suppose -208 - 210 = -2*h. Suppose -818 + 134 = -36*f. Calculate the highest common divisor of f and h.
19
Let g be 10/30 - 215/(-3). Calculate the greatest common factor of g and 252.
36
Let d(u) = 2*u**2 + 14*u - 48. Let b be d(4). Calculate the greatest common factor of 630 and b.
10
Suppose -6*u - 154 = -382. Let k = -448 + 638. Calculate the highest common divisor of k and u.
38
Let f = -279 - -288. Let k = 4 + -1. Suppose -5*p + k = -12. Calculate the greatest common factor of f and p.
3
Suppose 0 = d + 5 - 10. Suppose m - 38 = -d*t, -t - 190 = -2*m - 3*m. What is the greatest common divisor of m and 114?
38
Suppose 3*d + 579 - 633 = 0. What is the greatest common divisor of 1098 and d?
18
Let v = -36 - -129. Suppose 0*y = -3*y + v. Calculate the greatest common factor of y and 93.
31
Suppose s = -0*s + 4*v + 27, 5*s = -4*v + 15. Calculate the highest common factor of s and 5.
1
Suppose -13*z + 44 = -11*z. Let w be ((-288)/(-10))/((-4)/470). Let y be w/(-14) + (-2)/(-7). What is the highest common factor of y and z?
22
Let k(j) = -18*j - 198. Let q be k(-23). Suppose -2*c = -4*c + 48. Calculate the highest common factor of q and c.
24
Let f = 58 - 34. Let m(h) = 137*h - 10. Let k be m(2). Calculate the greatest common factor of f and k.
24
Let p = -229 - -242. Calculate the greatest common factor of 13 and p.
13
Let p(k) = 3*k**3 - 6*k**2 - 24*k + 111. Let d be p(4). What is the greatest common factor of d and 37?
37
Suppose 273 = -f + 4*f + j, 3*j - 369 = -4*f. Let v = 37 - 1. Calculate the greatest common divisor of f and v.
18
Let f(b) = 7*b - 2. Let a be f(1). Suppose 0 = -a*n + 26 - 266. Let z = -31 - n. Calculate the greatest common divisor of z and 85.
17
Let d(z) = z**3 - 6*z**2 - 2*z - 25. Let y be d(7). Calculate the greatest common factor of y and 10.
10
Let b = 0 - 0. Suppose -3*a + 0*a + 81 = b. Let q(w) = 4*w**2 - 40*w - 153. Let n be q(-3). Calculate the greatest common divisor of n and a.
3
Let l be -7 + -4 + 2 + 2. Let b = 9 + l. Let t(r) = -r**3 + 4*r**2 - 3*r + 2. Let m be t(b). Calculate the highest common divisor of m and 12.
4
Suppose 2*k = -0*k + 8. Suppose -k*x = -2*w - 0*w - 112, -4*w = -16. Let f be ((-4)/6)/(11/(-198)). Calculate the greatest common divisor of f and x.
6
Let l = -1241 - -1263. Calculate the greatest common divisor of l and 55.
11
Let d be 0 - 3 - (-35 - 0). Let r = 63 - d. Let f = 87 - r. Calculate the greatest common factor of 7 and f.
7
Let k = -143 + 173. Suppose -5 = -5*x, 4*x + 503 = 3*w - 123. What is the greatest common factor of k and w?
30
Let c = -1326 + 2201. Calculate the highest common factor of 7 and c.
7
Let p = -25 + 42. Let u(z) = 35*z**2 + z - 2. Let k be u(1). Calculate the highest common divisor of k and p.
17
Let m be 15/(-45) - (-3)/((-9)/(-73)). Calculate the greatest common divisor of 48 and m.
24
Let k(o) = -o**2 - 5*o + 2. Let z be k(-5). Let d = 17 + z. Suppose 2*p - 6*b + 4*b - 38 = 0, d = p - 5*b. Calculate the greatest common factor of 38 and p.
19
Let d be 1/4 - 134/(-8). Suppose -3*g + 85 = 3*y - d, 5*y = g + 152. Let s = y - 21. What is the highest common divisor of s and 40?
10
Let q = -30 + 57. Let v = 8 + 10. Calculate the highest common factor of v and q.
9
Let a = 2 - -4. Let t = -37 - -36. Let s be t + (-3)/(12/(-16)). What is the greatest common factor of s and a?
3
Let b be 6/8*6*2. Let s = -31 - -13. Let k = 45 + s. Calculate the greatest common divisor of b and k.
9
Let s(m) = -m + 7. Let i be s(7). Let g = 6 + i. Suppose -2*d - 60 = -g*d. What is the highest common divisor of d and 5?
5
Let q(i) = 2*i**3 + 19*i**2 + 8*i. Let r be q(-9). Let g = 74 - r. What is the greatest common divisor of 5 and g?
5
Let x(z) = -z**3 + 2*z**2 + 2*z + 7. Let c be x(-4). Suppose 3*g = c + 61. What is the highest common factor of 13 and g?
13
Suppose -7*i = -3*i. Suppose w + 3*k - 20 = 0, i = k + 2 - 3. What is the highest common divisor of w and 34?
17
Suppose 144 = 3*p - p. Let a = 27 + -57. Let q be 1*a*(32/(-20))/4. What is the highest common divisor of q and p?
12
Let z(b) = -4*b + 21. Let g be z(4). Let d be (-3)/(-15) - (4 - 79/g). Calculate the greatest common divisor of d and 8.
4
Let h(m) = -m**3 - 8*m**2 - 14*m - 19. Let s be h(-7). What is the greatest common divisor of s and 20?
10
Let z(u) = 23*u - 3. Let a be z(1). Suppose -a = -5*m + 5*q, -5*m + 2*m - 2*q = 3. Calculate the highest common divisor of 3 and m.
1
Let d be (-6)/(-5)*(-20)/6. Let g(w) = -w**3 - 9*w**2 + 11*w + 14. Let y be g(-10). Let j be 178 - (-2)/y*d. What is the highest common factor of 16 and j?
16
Suppose 5*q = 5*x - 0*x - 260, 3*x + q = 140. Let u be (-2 - 1) + 5 + 61. Suppose b = -4*l + u, b = 4*l + 9 - 74. What is the highest common factor of x and l?
16
Let w(r) = 8*r - 14. Let l be w(6). Let u be -3*452/(-20) + (-2)/(-10). Calculate the greatest common factor of l and u.
34
Let d(s) = s**2 - 16*s 